etermine v(l).
6
Let x(z) = 3500*z + 1 - 10484*z - 19*z**2 + 3491*z + 3494*z. Determine x(1).
-17
Let a(j) = -j**2 + j + 2. Let o = -6 - -14. Let p(t) = -t + 6. Let k be p(o). Calculate a(k).
-4
Let i(y) = y**2 - 4*y + 4. Let a = 0 - 3. Let u(g) be the second derivative of -g**4/12 + g**3/2 - 3*g**2/2 - 86*g. Let q(z) = a*u(z) - 4*i(z). What is q(6)?
-1
Let s(b) = -2*b**2 - 7*b - 1. Let k(i) = -3*i**2 - 11*i - 2. Let g(v) = 5*k(v) - 8*s(v). Give g(-2).
0
Suppose 9*p + 2 = -2*b + 6*p, -b - 1 = -3*p. Let s(z) = -44*z - 2. Give s(b).
42
Let w(o) = o + 2. Let j(h) be the second derivative of -5*h**3/3 + 2*h**2 + 38*h. Let m be j(1). What is w(m)?
-4
Let q(s) = -s**3 + s - 6 + s**2 - 2*s + 13. Let n = -53 - -74. Let i = 21 - n. Calculate q(i).
7
Let x(k) = -3*k - 1. Suppose 2*s = 26 + 10. Let y be s/15*(-30)/(-9). Let i = 5 - y. Determine x(i).
-4
Let f(o) = 17*o**2 - 2*o + 1. Let y be f(-2). Let d(j) = -5 + 0 - y*j + 4 + 76*j. What is d(5)?
14
Let j(r) = 109 + 121 - 3*r - 388 + 129. Calculate j(-12).
7
Let j(t) = t - 1. Suppose -3*w + 105 = -0*w. Let s = -30 + w. What is j(s)?
4
Let m(l) be the first derivative of -l**4/4 + l**3 + 3*l**2/2 - 4*l + 2997. Suppose -6*x + x + 15 = 0. What is m(x)?
5
Let n(i) = 2*i - 2. Suppose 0 = s - 4*s + 15. Suppose -4*b = 5*r + 33, -3*r + 4*b = s + 2. Let c(v) = -v. Let o be c(r). Give n(o).
8
Let m(b) = 7*b - 5. Suppose -5*v = -10 - 20. Let k(i) = -20*i + 14. Let y(c) = v*k(c) + 17*m(c). Let q(g) = 27*g - 887. Let p be q(33). What is y(p)?
-5
Suppose -2*d - 34 = -4*y, -4 - 26 = -4*y - 2*d. Suppose -2*k - 1 = -o, 0*o = -4*k + 4*o - y. Let f(z) = -9*z - 1. Determine f(k).
-10
Let d(m) = 9*m + 7. Suppose v + 5*n + 157 = 141, 0 = -5*v + 3*n - 24. Determine d(v).
-47
Suppose -t = 3*t - 15*t. Let r(u) be the third derivative of -u**5/60 + u**4/24 + 5*u**3/2 - u**2. Give r(t).
15
Let h(v) = -3*v**3 + 4*v**2 + 4*v + 11. Let f(w) = -7*w**3 + 7*w**2 + 7*w + 24. Let k(i) = 4*f(i) - 9*h(i). Determine k(-7).
4
Let d(m) = 3*m**2 - 3*m + 1. Let b be (0 - 2)/(-7 - (-525)/77). Suppose -33 = -b*c - 0. Give d(c).
19
Let m(t) be the second derivative of 0 - 2*t - 1/2*t**2 + 3/2*t**3. Let j(n) = n. Let x be j(1). What is m(x)?
8
Suppose 4*c = -11 - 1. Let x be (-6 - -4 - c) + 3. Let i(o) = o**3 - 4*o**2 - 3*o + 3. Determine i(x).
-9
Let v(y) = -5*y - 1. Let i(j) = 10*j. Let b(l) = -3*i(l) - 5*v(l). Calculate b(7).
-30
Let s(r) = -5*r**3 + 21*r**2 - 25*r - 29. Let y(f) = 2*f**3 - 10*f**2 + 12*f + 14. Let g(o) = -3*s(o) - 7*y(o). What is g(-8)?
-3
Let d = -3 - -5. Suppose -6*l + l - 4 = -d*a, l = -5*a + 10. Let u(m) = 0*m**3 - 7*m**2 + 127 + m**3 + 131 - 259 + 8*m**2 - m. Give u(a).
9
Let u(c) be the third derivative of -c**6/120 + 2*c**5/15 + 3*c**4/8 + 3*c**2 + 14*c. Calculate u(9).
0
Let d(p) = -4*p - 2. Let j = -12 + 22. Suppose 0 = j*s - 5*s. Suppose 4*g + 14 - 2 = s. Determine d(g).
10
Let d(n) = -20*n**2 - 9*n + 9. Let v = -27 + 33. Let h(k) = 7*k**2 + 3*k - 3. Let f(w) = v*d(w) + 17*h(w). Calculate f(-5).
-7
Let b(f) be the second derivative of f**4/6 + 11*f**3/6 - f**2 - 9*f. What is b(-5)?
-7
Let h(x) = x**3 - 17*x**2 + 16*x + 20. Let s(v) = -v**3 - 4*v**2 + 24*v - 48. Let w be s(-8). Give h(w).
20
Let l(g) = 2*g - 49. Let u be l(24). Let s(o) = 5*o - 1. Calculate s(u).
-6
Let i(n) = n**3 + n**2 - n + 19. Let f be (-1 - -1)*(-17)/34. Calculate i(f).
19
Let z(b) = 6*b + 25. Let n be z(-3). Let h(v) = v**3 - 7*v**2 - 5*v + 10. Determine h(n).
-25
Let n(q) = q**2 + 20*q + 60. Let a be n(-4). Let g be (-2)/6 + 1/3. Let b(r) = 2*r + 2 - 6 + g. Calculate b(a).
-12
Let z(t) = t. Let v = 32 + -25. Suppose -5*o + 25 + 0 = 0. Let s = v - o. Determine z(s).
2
Let o(p) = 6*p - 2*p - 1 + 5*p - 11*p. Let s = -1 + 4. Suppose 2*b - 10 = -s*b. Calculate o(b).
-5
Let f(y) = y**3 + 4*y**2 - 6*y - 6. Let s = 12 + -8. Suppose -s*v = -c + 3, 2*c + 6*v + 20 = v. Determine f(c).
-1
Let n be (5/10 - 2)*(-8)/6. Let l(y) = -2*y**n + 5 - 6*y + y**2 + 2*y**2. Let u(o) = 4*o**2. Let v be u(-1). Calculate l(v).
-3
Suppose g - 2 = t, -2*g - 3*g + 26 = 3*t. Let i(m) = -m**2 + 6*m - 3. Give i(g).
5
Let u(w) = 4*w - 6. Suppose k = -k + 18. Suppose 4*x + 2*d - k = -3, -4*d - 14 = -5*x. Suppose x*f + z = -0*f + 11, 2*f + 5*z = 15. Determine u(f).
14
Let c(a) be the first derivative of a**2 - 12*a + 130. Calculate c(8).
4
Let h(r) = -r - 5. Let u(j) = j + 8. Let q(y) = -4*h(y) - 3*u(y). Calculate q(-6).
-10
Let s(f) = 4*f + 2. Let k be s(0). Suppose b = 5*g + 6, k*b + 12 = -4*g - 4. Let i(d) = -2*d**2 - 7*d - 5. Give i(b).
-9
Let t = 11 - 2. Let l = t + -10. Let m(h) = -5*h + 1. Let c be m(l). Let x(y) = y**2 - 4*y - 4. What is x(c)?
8
Suppose -5*m = -3*a - 2, -m + 8*a - 4*a = -14. Let o(n) = n + 5. Let d(c) = -2*c - 5. Let z(q) = m*d(q) - 3*o(q). Calculate z(-4).
-9
Let a(i) = -3*i + 7. Let m(s) = 5*s - 2 - 2 - 2*s + 0. Let d be m(2). Let r be 6/3 - (-5 + d). Calculate a(r).
-8
Let t be (-4)/(-10) + 98/5. Let m = 42 - t. Let s(f) = 0*f**3 + m*f + 2 - 3*f**2 - 20*f - f**3. Determine s(-4).
10
Let o(a) = -2*a**2 - 1. Let z = 398 - 400. What is o(z)?
-9
Let p(q) be the second derivative of 0 + 2/3*q**3 + 3*q**2 - 40*q. Calculate p(-5).
-14
Let i(g) = g**2 + 3*g + 6. Let l = 39 + -31. Suppose -4*w - 40 = -2*q, 5*q = -5*w + 3*w - 44. Let m = l + w. What is i(m)?
10
Let q be (-6)/4*24/(-9). Let u(y) be the first derivative of -49 + 1/2*y**2 - 3*y. Determine u(q).
1
Let v be (-152)/56 + 2/(-7). Let q(f) = 3*f + 1. Let r be q(v). Let d(m) be the third derivative of m**5/60 + 7*m**4/24 - 11*m**3/6 - 17*m**2. Determine d(r).
-3
Suppose -4*s - 5*l + 42 = -6, s - 27 = -5*l. Suppose 0 = -p - s + 5. Let d(c) = -6*c + c - 1 - 1. Determine d(p).
8
Let v(w) be the first derivative of w**4/4 + w**3 + w**2 + 211. Suppose 0 = b - 2*z - 12, -z = 3*b - 6*z - 31. Let y be -2*1/2*b. Give v(y).
0
Let u(p) = -104*p + 32*p + 30*p + 38*p - 11. Determine u(-6).
13
Let p(z) be the second derivative of -z**5/20 + z**4/2 + 2*z**3/3 - 3*z**2/2 + 26*z - 2. Determine p(6).
21
Suppose 4*i + 9 = -3*x, 5*i - 6*x + 7*x + 14 = 0. Let t(v) = v**2 + 4*v - 6. What is t(i)?
-9
Let o(p) = 6 + 20*p - 2*p**2 - 2 - 22*p - 3*p**2. Determine o(-3).
-35
Let m(b) be the second derivative of -b**4/12 + 2*b**2 + 117*b. Give m(2).
0
Let y(r) = -r**2 - r + 1. Let z(w) = -w**3 - 9*w**2 + 4*w + 8. Let k(c) = 4*y(c) - z(c). Let q(s) = -3*s - 20 - 3*s + 7*s. Let h be q(14). Calculate k(h).
8
Let h(q) = q + 5437 - 5434 + 6*q. Determine h(-4).
-25
Let n(j) = -j**2 + 8*j - 7. Suppose -6*b + b = -150. Let k be 24/b*(-150)/(-4). Suppose -k = -6*x + x. Calculate n(x).
5
Suppose -7 = -3*g + 29. Suppose 5*m - 15 = -5*w, 0 = -0*w + 3*w - 4*m + g. Let v(y) = -y**2 - 11. Determine v(w).
-11
Suppose -3*s = -s + 5*a - 16, 0 = -3*s - 5*a + 24. Suppose -3*w - s*w = -22. Let t(y) = 5*y + 1. Calculate t(w).
11
Suppose 3*a - 2*a = 3. Let f(c) = 3 - 7 + 3*c + 1 + 7. Calculate f(a).
13
Let c(x) = -2*x + 6. Let r = 566 + -560. Calculate c(r).
-6
Suppose -o - 4*o - 46 = -4*i, -4*o + 19 = 3*i. Suppose j + i = 4*j. Let l(d) be the third derivative of d**5/60 - d**4/12 - 2*d**2. What is l(j)?
3
Suppose -2 - 6 = -f + 2*s, -f = 5*s + 20. Suppose -4*x - a + 12 = -0, f = x + 4*a - 18. Let i(v) = -1 - 3 - 4 + v + x. What is i(0)?
-6
Let s(d) = d + 13*d**2 + 0 + 0. Let i be ((-39)/3)/(2/4). Let j = i - -25. Give s(j).
12
Suppose -5 = -3*n - 4*l - 16, -20 = -5*n + l. Let a(m) = m**2 + n + 8 + 9*m - 5. Let f be a(-8). Let t(c) = c**2 + 4*c. Determine t(f).
-4
Suppose 4*a - 1 = -21. Let b(j) be the second derivative of j**3/3 + 5*j**2/2 - 45*j. Determine b(a).
-5
Let z(y) = 10*y + 47. Let v(x) = 12*x + 46. Let p(m) = -4*v(m) + 5*z(m). Calculate p(-23).
5
Suppose 3*g - 2*k - 2*k - 37 = 0, 0 = -2*g - 2*k + 48. Let o(l) = g + l - 54 + 11. Give o(0).
-24
Let y = 26 - 27. Let h(q) = 6*q**3 - q - 4. Let i(g) = g**3 - g**2 - g - 1. Let d(z) = y*h(z) + 4*i(z). What is d(-2)?
6
Let o(s) = -5*s**2 + 2*s + 2. Let j(n) = -n**2 + n - n**2 + 1 + 3*n**2. Let m(y) = 4*j(y) + o(y). Let v(c) = -c**2 - 6*c + 1. Let k be v(-5). What is m(k)?
6
Suppose 3*w + 55 = 154. Suppose -37 = 2*i + 5*b, -3*b - w = 2*i + i. Let a(q) = -43*q - 14*q - 7 - 21*q + 76*q. Calculate a(i).
5
Let a(x) be the third derivative of 0 - 1/2*x**3 + 30*x**2 - 1/12*x**4 - 2*x + 1/20*x**5. What is a